{"id":2319,"date":"2018-06-21T15:19:21","date_gmt":"2018-06-21T13:19:21","guid":{"rendered":"http:\/\/edensud.fr\/?page_id=2319"},"modified":"2018-07-12T08:41:45","modified_gmt":"2018-07-12T06:41:45","slug":"contraintes-techniques","status":"publish","type":"page","link":"https:\/\/edensud.fr\/index.php\/contraintes-techniques\/","title":{"rendered":"Contraintes techniques"},"content":{"rendered":"<h2>contraintes techniques edensud<\/h2>\n<p>contraintes techniques edensud<\/p>\n<p>50<\/p>\n<p>default<\/p>\n<p>no-repeat;left top;;<\/p>\n<p>auto<\/p>\n<p><img decoding=\"async\" src=\"http:\/\/edensud.fr\/wp-content\/uploads\/2018\/07\/TOOLS_ct.png\" alt=\"contraintes techniques edensud\"\/><\/p>\n<p>no-repeat;left top;;<\/p>\n<p>auto<\/p>\n<p>La qualit\u00e9 du support d\u00e9finitif est une priorit\u00e9 pour tous les intervenants de la chaine graphique. Pour cela, la qualit\u00e9 des fichiers doit \u00eatre optimale d\u00e8s l&rsquo;\u00e9laboration des maquettes informatiques.<\/p>\n<h2>contraintes techniques edensud<\/h2>\n<p> Par exp\u00e9rience, certains fichiers comme les logos et\/ou les images transmis par le client n&rsquo;ont pas toujours la qualit\u00e9 suffisante pour permettre leur exploitation. <\/p>\n<h2>contraintes techniques edensud<\/h2>\n<p>Pour mieux faire connaitre notre m\u00e9tier, voici quelques notions de bases qui pourraient bien faire de vous un graphiste en herbe !<\/p>\n<p>no-repeat;left top;;<\/p>\n<p>auto<\/p>\n<p>contraintes techniques edensud<\/p>\n<p>50<\/p>\n<p>default<\/p>\n<p>no-repeat;left top;;<\/p>\n<p>au<\/p>\n<p>contraintes techniques edensud<\/p>\n<p>to<\/p>\n<h2>Le pixel et le vectoriel  <\/h2>\n<hr>\n<p>no-repeat;left top;;<\/p>\n<p>auto<\/p>\n<p>no-repeat;left top;;<\/p>\n<p>auto<\/p>\n<p><img decoding=\"async\" src=\"http:\/\/edensud.fr\/wp-content\/uploads\/2018\/07\/icone_px.png\" alt=\"contraintes techniques edensud\"\/><\/p>\n<p>center<\/p>\n<p><img decoding=\"async\" src=\"http:\/\/edensud.fr\/wp-content\/uploads\/2018\/07\/icone_vr.png\" alt=\"contraintes techniques edensud\"\/><\/p>\n<p>center<\/p>\n<p>no-repeat;left top;;<\/p>\n<p>auto<\/p>\n<p><b>Le pixel<\/b> est l&rsquo;unit\u00e9 de mesure d&rsquo;une image num\u00e9rique. Une image bitmap est compos\u00e9e de plusieurs milliers de pixels. Leur nombre, plus ou moins \u00e9lev\u00e9, d\u00e9fini la qualit\u00e9 de l&rsquo;image. <\/p>\n<h2>contraintes techniques edensud<\/h2>\n<p>Souvenez-vous qu&rsquo;une image num\u00e9rique pourra toujours \u00eatre r\u00e9tr\u00e9cie, par contre, elle ne peut pas \u00eatre agrandie (image dite \u00ab\u00a0pix\u00e9lis\u00e9\u00a0\u00bb)<\/p>\n<p>#f2f2f2<\/p>\n<p>no-repeat;left top;;<\/p>\n<p>auto<\/p>\n<p>20px<\/p>\n<p><b>Le vectoriel<\/b> est un trac\u00e9 math\u00e9matique. C&rsquo;est le format de pr\u00e9dilection du logo, du texte et des formes simples. Il a l&rsquo;avantage de pouvoir \u00eatre r\u00e9tr\u00e9ci et agrandi \u00e0 l&rsquo;infini sans perte de qualit\u00e9. <\/p>\n<h2>contraintes techniques edensud<\/h2>\n<p>C&rsquo;est \u00e9galement un format reconnue par les machines de d\u00e9coupe (lettres adh\u00e9sives). Bon \u00e0 savoir : une photo ne peut pas \u00eatre vectorielle<\/p>\n<p>#f2f2f2<\/p>\n<p>no-repeat;left top;;<\/p>\n<p>contraintes techniques edensud<\/p>\n<p>auto<\/p>\n<p>20px<\/p>\n<p>50<\/p>\n<p>default<\/p>\n<p>no-repeat;left top;;<\/p>\n<p>auto<\/p>\n<h2>Le type de fichier  <\/h2>\n<hr>\n<p>Il existe un certain nombre de type de fichier diff\u00e9rent identifiable par leur extension (.jpg .png .eps .ai .tiff). Rassurez-vous, c&rsquo;est du \u00ab\u00a0charabia\u00a0\u00bb pour la plupart des \u00eatres humains.<\/p>\n<h2>contraintes techniques edensud<\/h2>\n<p> Chaque type de fichier a une utilisation optimale correspondante dont voici la synth\u00e8se :<\/p>\n<p>no-repeat;left top;;<\/p>\n<p>auto<\/p>\n<p>no-repeat;left top;;<\/p>\n<p>auto<\/p>\n<p><img decoding=\"async\" src=\"http:\/\/edensud.fr\/wp-content\/uploads\/2018\/07\/icone_jpg.png\" alt=\"contraintes techniques edensud\"\/><\/p>\n<p>center<\/p>\n<p>contraintes techniques edensud<\/p>\n<p><b>.jpg<\/b> est le format par d\u00e9faut des images num\u00e9riques, exploitable quand le poids est sup\u00e9rieur \u00e0 : <br \/>\n&#8211; 250 ko pour le web <br \/>\n&#8211; 2 Mo pour les supports imprim\u00e9s<\/p>\n<p>#f2f2f2<\/p>\n<p>no-repeat;left top;;<\/p>\n<p>auto<\/p>\n<p>20px<\/p>\n<p><img decoding=\"async\" src=\"http:\/\/edensud.fr\/wp-content\/uploads\/2018\/07\/icone_png.png\" alt=\"contraintes techniques edensud\"\/><\/p>\n<p>center<\/p>\n<p><b>.png<\/b> est un format sp\u00e9cialis\u00e9 pour le web. Il accepte la transparence. Souvent utilis\u00e9 pour les ic\u00f4nes <br \/>\n&#8211; Ok pour le web <br \/>\n&#8211; Interdit pour les supports imprim\u00e9s<\/p>\n<p>#f2f2f2<\/p>\n<p>no-repeat;left top;;<\/p>\n<p>auto<\/p>\n<p>20px<\/p>\n<p>no-repeat;left top;;<\/p>\n<p>contraintes techniques edensud<\/p>\n<p>auto<\/p>\n<p><img decoding=\"async\" src=\"http:\/\/edensud.fr\/wp-content\/uploads\/2018\/07\/icone_gif.png\" alt=\"contraintes techniques edensud\"\/><\/p>\n<p>center<\/p>\n<p><b>.gif<\/b> est un format multi-images sp\u00e9cialis\u00e9 pour le web. Il accepte la transparence et peut \u00eatre anim\u00e9 <br \/>\n&#8211; Ok pour le web <br \/>\n&#8211;  Interdit pour les supports imprim\u00e9s<\/p>\n<p>#f2f2f2<\/p>\n<p>no-repeat;left top;;<\/p>\n<p>auto<\/p>\n<p>20px<\/p>\n<p><img decoding=\"async\" src=\"http:\/\/edensud.fr\/wp-content\/uploads\/2018\/07\/icone_eps.png\" alt=\"contraintes techniques edensud\"\/><\/p>\n<p>center<\/p>\n<p><b>.eps<\/b> est un format interm\u00e9diaire qui peut \u00eatre compos\u00e9 de pixels et\/ou de vectoriel. Par pr\u00e9caution : <br \/>\n&#8211; 250 ko pour le web  <br \/>\n&#8211; 2 Mo pour les supports imprim\u00e9s<\/p>\n<p>#f2f2f2<\/p>\n<p>no-repeat;left top;;<\/p>\n<p>auto<\/p>\n<p>20px<\/p>\n<p>no-repeat;left top;;<\/p>\n<p>auto<\/p>\n<p><img decoding=\"async\" src=\"http:\/\/edensud.fr\/wp-content\/uploads\/2018\/07\/icone_pdf.png\" alt=\"contraintes techniques edensud\"\/><\/p>\n<p>contraintes techniques edensud<\/p>\n<p>center<\/p>\n<p><b>.pdf <\/b>et <b>.ps<\/b> sont des formats d&rsquo;impression qui peuvent \u00eatre compos\u00e9s de pixels et\/ou de vectoriel. Par pr\u00e9caution : <br \/>\n&#8211; 250 ko pour le web  <br \/>\n&#8211; 2 Mo pour les supports imprim\u00e9s<\/p>\n<p>#f2f2f2<\/p>\n<p>no-repeat;left top;;<\/p>\n<p>auto<\/p>\n<p>20px<\/p>\n<p><img decoding=\"async\" src=\"http:\/\/edensud.fr\/wp-content\/uploads\/2018\/07\/icone_ai.png\" alt=\"contraintes techniques edensud\"\/><\/p>\n<p>center<\/p>\n<p><b>.ai<\/b> est le format vectoriel natif. Il est excellent pour tous les types d&rsquo;utilisation et son poids est souvent tr\u00e8s l\u00e9ger <br \/>\n&#8211; Ok pour le web (.svg) <br \/>\n&#8211; Ok pour les supports imprim\u00e9s<\/p>\n<p>#f2f2f2<\/p>\n<p>no-repeat;left top;;<\/p>\n<p>auto<\/p>\n<p>20px<\/p>\n<p>no-repeat;left top;;<\/p>\n<p>auto<\/p>\n<p><img decoding=\"async\" src=\"http:\/\/edensud.fr\/wp-content\/uploads\/2018\/07\/icone_zip.png\" alt=\"contraintes techniques edensud\"\/><\/p>\n<p>center<\/p>\n<p><b>.zip<\/b> et <b>.rar<\/b> ne sont pas des formats de fichiers. Ce sont des types de compression de dossiers .<\/p>\n<p>#f2f2f2<\/p>\n<p>no-repeat;left top;;<\/p>\n<p>auto<\/p>\n<p>contraintes techniques edensud<\/p>\n<p>20px<\/p>\n<p><img decoding=\"async\" src=\"http:\/\/edensud.fr\/wp-content\/uploads\/2018\/07\/icone_ppt.png\" alt=\"contraintes techniques edensud\"\/><\/p>\n<p>center<\/p>\n<p><b>.doc<\/b> et <b>.ppt <\/b> sont des formats de la suite office. Vous pouvez les utiliser pour r\u00e9diger vos textes et pr\u00e9parer des maquettes d&rsquo;intentions. <b>Attention<\/b>, les images int\u00e9gr\u00e9es \u00e0 ces fichiers sont souvent inexploitables pour l&rsquo;impression.<\/p>\n<p>#f2f2f2<\/p>\n<p>no-repeat;left top;;<\/p>\n<p>contraintes techniques edensud<\/p>\n<p>auto<\/p>\n<p>contraintes techniques edensud<\/p>\n<p>20px<\/p>\n<p>50<\/p>\n<p>default<\/p>\n<p>no-repeat;left top;;<\/p>\n<p>auto<\/p>\n<h2>La r\u00e9solution d&rsquo;image <\/h2>\n<hr>\n<p>C&rsquo;est le terme que nous utilisons pour d\u00e9finir la qualit\u00e9 d&rsquo;une image. Une image de bonne qualit\u00e9 p\u00e8se lourd. Si votre image p\u00e8se moins de 100 ko elle sera inexploitable pour l&rsquo;impression.<\/p>\n<p>no-repeat;left top;;<\/p>\n<p>auto<\/p>\n<p>50<\/p>\n<p>default<\/p>\n<p>no-repeat;left top;;<\/p>\n<p>contraintes techniques edensud<\/p>\n<p>auto<\/p>\n<h2>Le mode colorim\u00e9trique <\/h2>\n<hr>\n<p>4 grands modes colorim\u00e9triques sont utilis\u00e9s pour identifier les couleurs. Les codes couleurs sont souvent r\u00e9pertori\u00e9s dans votre charte graphique.<\/p>\n<h2>contraintes techniques edensud<\/h2>\n<p> Ces modes sont issus des deux utilisations possibles d&rsquo;une image dans le domaine de la cr\u00e9ation graphique : pour les \u00e9crans et pour les supports imprim\u00e9s.<\/p>\n<p>no-repeat;left top;;<\/p>\n<p>auto<\/p>\n<p>no-repeat;left top;;<\/p>\n<p>auto<\/p>\n<p><img decoding=\"async\" src=\"http:\/\/edensud.fr\/wp-content\/uploads\/2018\/07\/icone_print.png\" alt=\"contraintes techniques edensud\"\/><\/p>\n<p>center<\/p>\n<p><img decoding=\"async\" src=\"http:\/\/edensud.fr\/wp-content\/uploads\/2018\/07\/icone_web.png\" alt=\"contraintes techniques edensud\"\/><\/p>\n<p>center<\/p>\n<p>no-repeat;left top;;<\/p>\n<p>auto<\/p>\n<p><b>2 Modes pour l&rsquo;impression <\/b><\/p>\n<p><b>CMJN<\/b>, cyan-magenta-jaune-noir, sont les 4 encres n\u00e9cessaires pour l&rsquo;impression en quadrichromie  <\/p>\n<p><b>Pantone<\/b>, une nuance de couleur d&rsquo;aplat exacte que les imprimeurs utilisent pour avoir toujours la m\u00eame couleur sur diff\u00e9rentes s\u00e9ries d&rsquo;impression<\/p>\n<p>#f2f2f2<\/p>\n<p>no-repeat;left top;;<\/p>\n<p>auto<\/p>\n<p>20px<\/p>\n<p><b>2 Modes \u00e9cran<\/b><\/p>\n<p><b>RVB<\/b>, rouge-vert-bleu est le mode d&rsquo;affichage \u00e9cran (t\u00e9l\u00e9viseur, ordinateur) <\/p>\n<p><b>Hexad\u00e9cimale<\/b>, est le mode d\u00e9di\u00e9 au d\u00e9veloppement web et appli<\/p>\n<p>#f2f2f2<\/p>\n<p>contraintes techniques edensud<\/p>\n<p>no-repeat;left top;;<\/p>\n<p>auto<\/p>\n<p>20px<\/p>\n<p>50<\/p>\n<p>default<\/p>\n<p>no-repeat;left top;;<\/p>\n<p>auto<\/p>\n<h2>De mani\u00e8re g\u00e9n\u00e9rale<\/h2>\n<hr>\n<p>Concevez et archivez pr\u00e9cieusement les documents sources fournis par vos prestataires en cr\u00e9ations graphiques. <\/p>\n<h2>contraintes techniques edensud<\/h2>\n<p>Ce sont des documents de r\u00e9f\u00e9rence. Ceux \u00e0 conserver en priorit\u00e9 sont : votre charte graphique avec le dossier logo (regroupant les formats natifs de votre logo) et votre charte \u00e9ditoriale (regroupant les contraintes de cr\u00e9ation).<\/p>\n<p>no-repeat;left top;;<\/p>\n<p>auto<\/p>\n<p>50<\/p>\n<p>default<\/p>\n<p>no-repeat;left top;;<\/p>\n<p>auto<\/p>\n<p>50<\/p>\n<p>default<\/p>\n<p>50<\/p>\n<p>default<\/p>\n<h2>Nos comp\u00e9tences<\/h2>\n<p>Edensud est un atelier de cr\u00e9ation graphique ind\u00e9pendant, qui, gr\u00e2ce \u00e0 son r\u00e9seau de partenaires, vos accompagne selon vos besoin : de la cr\u00e9ation graphique jusqu\u2019\u00e0 la mise en \u0153uvre d\u2019une strat\u00e9gie globale de communication.<\/p>\n<p>no-repeat;left top;;<\/p>\n<p>auto<\/p>\n<p>Cr\u00e9ation graphique Print &#038; Web<\/p>\n<p>no-repeat;left top;;<\/p>\n<p>auto<\/p>\n<p>Mise en page de magazine<\/p>\n<p>no-repeat;left top;;<\/p>\n<p>auto<\/p>\n<p>Impression tous supports<\/p>\n<p>no-repeat;left top;;<\/p>\n<p>auto<\/p>\n<p>Charte graphique et \u00e9ditoriale<\/p>\n<p>no-repeat;left top;;<\/p>\n<p>auto<\/p>\n<p>Communication \u00e9venementielle<\/p>\n<p>no-repeat;left top;;<\/p>\n<p>auto<\/p>\n<p>Motion design et vid\u00e9o<\/p>\n<p>no-repeat;left top;;<\/p>\n<p>auto<\/p>\n<p>Cr\u00e9ation et refonte de logo<\/p>\n<p>no-repeat;left top;;<\/p>\n<p>auto<\/p>\n<p>Illustration traditionnelle et digitale<\/p>\n<p>no-repeat;left top;;<\/p>\n<p>auto<\/p>\n<p>Marquage promotionnel<\/p>\n<p>no-repeat;left top;;<\/p>\n<p>auto<\/p>\n<p>30<\/p>\n<p>default<\/p>\n","protected":false},"excerpt":{"rendered":"<p>contraintes techniques edensud contraintes techniques edensud 50 default no-repeat;left top;; auto no-repeat;left top;; auto La qualit\u00e9 du support d\u00e9finitif est une priorit\u00e9 pour tous les intervenants<span class=\"excerpt-hellip\"> [\u2026]<\/span><\/p>\n","protected":false},"author":1,"featured_media":0,"parent":0,"menu_order":0,"comment_status":"closed","ping_status":"closed","template":"","meta":{"footnotes":""},"class_list":["post-2319","page","type-page","status-publish","hentry"],"yoast_head":"<!-- This site is optimized with the Yoast SEO plugin v24.4 - https:\/\/yoast.com\/wordpress\/plugins\/seo\/ -->\n<title>Contraintes techniques Edensud - atelier de cr\u00e9ation graphique ind\u00e9pendant<\/title>\n<meta name=\"description\" content=\"Contraintes techniques Edensud. Nous sommes en charge de la conception et de la fabrication des supports de communication r\u00e9els et visuels.\" \/>\n<meta name=\"robots\" content=\"index, follow, max-snippet:-1, max-image-preview:large, max-video-preview:-1\" \/>\n<link rel=\"canonical\" href=\"https:\/\/edensud.fr\/index.php\/contraintes-techniques\/\" \/>\n<meta property=\"og:locale\" content=\"fr_FR\" \/>\n<meta property=\"og:type\" content=\"article\" \/>\n<meta property=\"og:title\" content=\"Contraintes techniques Edensud - atelier de cr\u00e9ation graphique ind\u00e9pendant\" \/>\n<meta property=\"og:description\" content=\"Contraintes techniques Edensud. Nous sommes en charge de la conception et de la fabrication des supports de communication r\u00e9els et visuels.\" \/>\n<meta property=\"og:url\" content=\"https:\/\/edensud.fr\/index.php\/contraintes-techniques\/\" \/>\n<meta property=\"og:site_name\" content=\"Edensud\" \/>\n<meta property=\"article:modified_time\" content=\"2018-07-12T06:41:45+00:00\" \/>\n<meta property=\"og:image\" content=\"http:\/\/edensud.fr\/wp-content\/uploads\/2018\/07\/TOOLS_ct.png\" \/>\n<meta name=\"twitter:card\" content=\"summary_large_image\" \/>\n<meta name=\"twitter:label1\" content=\"Dur\u00e9e de lecture estim\u00e9e\" \/>\n\t<meta name=\"twitter:data1\" content=\"5 minutes\" \/>\n<script type=\"application\/ld+json\" class=\"yoast-schema-graph\">{\"@context\":\"https:\/\/schema.org\",\"@graph\":[{\"@type\":\"WebPage\",\"@id\":\"https:\/\/edensud.fr\/index.php\/contraintes-techniques\/\",\"url\":\"https:\/\/edensud.fr\/index.php\/contraintes-techniques\/\",\"name\":\"Contraintes techniques Edensud - atelier de cr\u00e9ation graphique ind\u00e9pendant\",\"isPartOf\":{\"@id\":\"http:\/\/edensud.fr\/#website\"},\"primaryImageOfPage\":{\"@id\":\"https:\/\/edensud.fr\/index.php\/contraintes-techniques\/#primaryimage\"},\"image\":{\"@id\":\"https:\/\/edensud.fr\/index.php\/contraintes-techniques\/#primaryimage\"},\"thumbnailUrl\":\"http:\/\/edensud.fr\/wp-content\/uploads\/2018\/07\/TOOLS_ct.png\",\"datePublished\":\"2018-06-21T13:19:21+00:00\",\"dateModified\":\"2018-07-12T06:41:45+00:00\",\"description\":\"Contraintes techniques Edensud. Nous sommes en charge de la conception et de la fabrication des supports de communication r\u00e9els et visuels.\",\"breadcrumb\":{\"@id\":\"https:\/\/edensud.fr\/index.php\/contraintes-techniques\/#breadcrumb\"},\"inLanguage\":\"fr-FR\",\"potentialAction\":[{\"@type\":\"ReadAction\",\"target\":[\"https:\/\/edensud.fr\/index.php\/contraintes-techniques\/\"]}]},{\"@type\":\"ImageObject\",\"inLanguage\":\"fr-FR\",\"@id\":\"https:\/\/edensud.fr\/index.php\/contraintes-techniques\/#primaryimage\",\"url\":\"https:\/\/edensud.fr\/wp-content\/uploads\/2018\/07\/TOOLS_ct.png\",\"contentUrl\":\"https:\/\/edensud.fr\/wp-content\/uploads\/2018\/07\/TOOLS_ct.png\",\"width\":800,\"height\":180},{\"@type\":\"BreadcrumbList\",\"@id\":\"https:\/\/edensud.fr\/index.php\/contraintes-techniques\/#breadcrumb\",\"itemListElement\":[{\"@type\":\"ListItem\",\"position\":1,\"name\":\"Accueil\",\"item\":\"http:\/\/edensud.fr\/\"},{\"@type\":\"ListItem\",\"position\":2,\"name\":\"Contraintes techniques\"}]},{\"@type\":\"WebSite\",\"@id\":\"http:\/\/edensud.fr\/#website\",\"url\":\"http:\/\/edensud.fr\/\",\"name\":\"Edensud\",\"description\":\"Atelier graphique\",\"publisher\":{\"@id\":\"http:\/\/edensud.fr\/#organization\"},\"potentialAction\":[{\"@type\":\"SearchAction\",\"target\":{\"@type\":\"EntryPoint\",\"urlTemplate\":\"http:\/\/edensud.fr\/?s={search_term_string}\"},\"query-input\":{\"@type\":\"PropertyValueSpecification\",\"valueRequired\":true,\"valueName\":\"search_term_string\"}}],\"inLanguage\":\"fr-FR\"},{\"@type\":\"Organization\",\"@id\":\"http:\/\/edensud.fr\/#organization\",\"name\":\"Edensud\",\"url\":\"http:\/\/edensud.fr\/\",\"logo\":{\"@type\":\"ImageObject\",\"inLanguage\":\"fr-FR\",\"@id\":\"http:\/\/edensud.fr\/#\/schema\/logo\/image\/\",\"url\":\"https:\/\/edensud.fr\/wp-content\/uploads\/2018\/06\/logo-eden-sud.png\",\"contentUrl\":\"https:\/\/edensud.fr\/wp-content\/uploads\/2018\/06\/logo-eden-sud.png\",\"width\":500,\"height\":150,\"caption\":\"Edensud\"},\"image\":{\"@id\":\"http:\/\/edensud.fr\/#\/schema\/logo\/image\/\"},\"sameAs\":[\"https:\/\/www.linkedin.com\/in\/guillaume-mottier-86144b10a\/\",\"https:\/\/www.pinterest.fr\/edensud\/\"]}]}<\/script>\n<!-- \/ Yoast SEO plugin. -->","yoast_head_json":{"title":"Contraintes techniques Edensud - atelier de cr\u00e9ation graphique ind\u00e9pendant","description":"Contraintes techniques Edensud. Nous sommes en charge de la conception et de la fabrication des supports de communication r\u00e9els et visuels.","robots":{"index":"index","follow":"follow","max-snippet":"max-snippet:-1","max-image-preview":"max-image-preview:large","max-video-preview":"max-video-preview:-1"},"canonical":"https:\/\/edensud.fr\/index.php\/contraintes-techniques\/","og_locale":"fr_FR","og_type":"article","og_title":"Contraintes techniques Edensud - atelier de cr\u00e9ation graphique ind\u00e9pendant","og_description":"Contraintes techniques Edensud. Nous sommes en charge de la conception et de la fabrication des supports de communication r\u00e9els et visuels.","og_url":"https:\/\/edensud.fr\/index.php\/contraintes-techniques\/","og_site_name":"Edensud","article_modified_time":"2018-07-12T06:41:45+00:00","og_image":[{"url":"http:\/\/edensud.fr\/wp-content\/uploads\/2018\/07\/TOOLS_ct.png","type":"","width":"","height":""}],"twitter_card":"summary_large_image","twitter_misc":{"Dur\u00e9e de lecture estim\u00e9e":"5 minutes"},"schema":{"@context":"https:\/\/schema.org","@graph":[{"@type":"WebPage","@id":"https:\/\/edensud.fr\/index.php\/contraintes-techniques\/","url":"https:\/\/edensud.fr\/index.php\/contraintes-techniques\/","name":"Contraintes techniques Edensud - atelier de cr\u00e9ation graphique ind\u00e9pendant","isPartOf":{"@id":"http:\/\/edensud.fr\/#website"},"primaryImageOfPage":{"@id":"https:\/\/edensud.fr\/index.php\/contraintes-techniques\/#primaryimage"},"image":{"@id":"https:\/\/edensud.fr\/index.php\/contraintes-techniques\/#primaryimage"},"thumbnailUrl":"http:\/\/edensud.fr\/wp-content\/uploads\/2018\/07\/TOOLS_ct.png","datePublished":"2018-06-21T13:19:21+00:00","dateModified":"2018-07-12T06:41:45+00:00","description":"Contraintes techniques Edensud. Nous sommes en charge de la conception et de la fabrication des supports de communication r\u00e9els et visuels.","breadcrumb":{"@id":"https:\/\/edensud.fr\/index.php\/contraintes-techniques\/#breadcrumb"},"inLanguage":"fr-FR","potentialAction":[{"@type":"ReadAction","target":["https:\/\/edensud.fr\/index.php\/contraintes-techniques\/"]}]},{"@type":"ImageObject","inLanguage":"fr-FR","@id":"https:\/\/edensud.fr\/index.php\/contraintes-techniques\/#primaryimage","url":"https:\/\/edensud.fr\/wp-content\/uploads\/2018\/07\/TOOLS_ct.png","contentUrl":"https:\/\/edensud.fr\/wp-content\/uploads\/2018\/07\/TOOLS_ct.png","width":800,"height":180},{"@type":"BreadcrumbList","@id":"https:\/\/edensud.fr\/index.php\/contraintes-techniques\/#breadcrumb","itemListElement":[{"@type":"ListItem","position":1,"name":"Accueil","item":"http:\/\/edensud.fr\/"},{"@type":"ListItem","position":2,"name":"Contraintes techniques"}]},{"@type":"WebSite","@id":"http:\/\/edensud.fr\/#website","url":"http:\/\/edensud.fr\/","name":"Edensud","description":"Atelier graphique","publisher":{"@id":"http:\/\/edensud.fr\/#organization"},"potentialAction":[{"@type":"SearchAction","target":{"@type":"EntryPoint","urlTemplate":"http:\/\/edensud.fr\/?s={search_term_string}"},"query-input":{"@type":"PropertyValueSpecification","valueRequired":true,"valueName":"search_term_string"}}],"inLanguage":"fr-FR"},{"@type":"Organization","@id":"http:\/\/edensud.fr\/#organization","name":"Edensud","url":"http:\/\/edensud.fr\/","logo":{"@type":"ImageObject","inLanguage":"fr-FR","@id":"http:\/\/edensud.fr\/#\/schema\/logo\/image\/","url":"https:\/\/edensud.fr\/wp-content\/uploads\/2018\/06\/logo-eden-sud.png","contentUrl":"https:\/\/edensud.fr\/wp-content\/uploads\/2018\/06\/logo-eden-sud.png","width":500,"height":150,"caption":"Edensud"},"image":{"@id":"http:\/\/edensud.fr\/#\/schema\/logo\/image\/"},"sameAs":["https:\/\/www.linkedin.com\/in\/guillaume-mottier-86144b10a\/","https:\/\/www.pinterest.fr\/edensud\/"]}]}},"_links":{"self":[{"href":"https:\/\/edensud.fr\/index.php\/wp-json\/wp\/v2\/pages\/2319","targetHints":{"allow":["GET"]}}],"collection":[{"href":"https:\/\/edensud.fr\/index.php\/wp-json\/wp\/v2\/pages"}],"about":[{"href":"https:\/\/edensud.fr\/index.php\/wp-json\/wp\/v2\/types\/page"}],"author":[{"embeddable":true,"href":"https:\/\/edensud.fr\/index.php\/wp-json\/wp\/v2\/users\/1"}],"replies":[{"embeddable":true,"href":"https:\/\/edensud.fr\/index.php\/wp-json\/wp\/v2\/comments?post=2319"}],"version-history":[{"count":2,"href":"https:\/\/edensud.fr\/index.php\/wp-json\/wp\/v2\/pages\/2319\/revisions"}],"predecessor-version":[{"id":2500,"href":"https:\/\/edensud.fr\/index.php\/wp-json\/wp\/v2\/pages\/2319\/revisions\/2500"}],"wp:attachment":[{"href":"https:\/\/edensud.fr\/index.php\/wp-json\/wp\/v2\/media?parent=2319"}],"curies":[{"name":"wp","href":"https:\/\/api.w.org\/{rel}","templated":true}]}}